3
What is the ten millions digit of 2652744984?
5
What is the hundred thousands digit of 912910854?
9
What is the hundreds digit of 173964930?
9
What is the thousands digit of 44441321?
1
What is the units digit of 246463894?
4
What is the hundred millions digit of 714983961?
7
What is the ten thousands digit of 86779637?
7
What is the units digit of 21753931?
1
What is the hundred thousands digit of 5425673?
4
What is the tens digit of 27711579?
7
What is the hundred thousands digit of 167202959?
2
What is the thousands digit of 2050057937?
7
What is the units digit of 1431411334?
4
What is the ten millions digit of 26545461?
2
What is the ten thousands digit of 62552188?
5
What is the hundred thousands digit of 108233161?
2
What is the ten millions digit of 369381161?
6
What is the millions digit of 20262998?
0
What is the units digit of 126793322?
2
What is the units digit of 15090780?
0
What is the hundreds digit of 56032549?
5
What is the thousands digit of 1936470208?
0
What is the hundreds digit of 287701048?
0
What is the hundred thousands digit of 6892628733?
6
What is the millions digit of 882043568?
2
What is the tens digit of 327562325?
2
What is the billions digit of 3373425872?
3
What is the hundreds digit of 1047850067?
0
What is the ten thousands digit of 28020194?
2
What is the hundreds digit of 115091177?
1
What is the hundred millions digit of 8352899613?
3
What is the hundred thousands digit of 1871208956?
2
What is the hundred thousands digit of 3344282638?
2
What is the tens digit of 1139413457?
5
What is the units digit of 50514147?
7
What is the units digit of 8101050141?
1
What is the thousands digit of 3520622615?
2
What is the hundred thousands digit of 85058487?
0
What is the tens digit of 3695019876?
7
What is the tens digit of 306805953?
5
What is the hundreds digit of 2634905?
9
What is the millions digit of 40488731?
0
What is the thousands digit of 45614109?
4
What is the hundred thousands digit of 40741827?
7
What is the units digit of 1494433531?
1
What is the tens digit of 6678953?
5
What is the ten millions digit of 1828626479?
2
What is the units digit of 1720074047?
7
What is the millions digit of 323627477?
3
What is the units digit of 78452083?
3
What is the ten thousands digit of 37868602?
6
What is the ten millions digit of 6598759011?
9
What is the units digit of 7835507?
7
What is the ten thousands digit of 17625370?
2
What is the hundred millions digit of 436313669?
4
What is the billions digit of 2691805762?
2
What is the hundreds digit of 109236701?
7
What is the ten thousands digit of 299489823?
8
What is the ten millions digit of 1141088641?
4
What is the thousands digit of 11166979?
6
What is the ten thousands digit of 170233614?
3
What is the ten thousands digit of 7646821?
4
What is the millions digit of 1283103176?
3
What is the hundred thousands digit of 28884008?
8
What is the billions digit of 1501338663?
1
What is the hundred millions digit of 773861714?
7
What is the ten thousands digit of 1198116412?
1
What is the units digit of 98888590?
0
What is the hundreds digit of 562851574?
5
What is the hundred thousands digit of 162831664?
8
What is the hundreds digit of 6296592?
5
What is the ten thousands digit of 2958057?
5
What is the thousands digit of 15955600?
5
What is the units digit of 5518110?
0
What is the billions digit of 1730595163?
1
What is the ten millions digit of 969853698?
6
What is the hundred thousands digit of 900964495?
9
What is the hundreds digit of 94138123?
1
What is the ten millions digit of 474416681?
7
What is the millions digit of 1972888768?
2
What is the hundred millions digit of 7703175880?
7
What is the units digit of 484169399?
9
What is the hundreds digit of 25198974?
9
What is the hundreds digit of 2732393174?
1
What is the ten millions digit of 195109509?
9
What is the thousands digit of 700342390?
2
What is the billions digit of 1928400039?
1
What is the ten millions digit of 334070476?
3
What is the millions digit of 5131068?
5
What is the hundred millions digit of 552158922?
5
What is the ten thousands digit of 1957639243?
3
What is the hundreds digit of 476690?
6
What is the ten thousands digit of 1840076411?
7
What is the ten millions digit of 41185775?
4
What is the hundreds digit of 25804?
8
What is the hundred thousands digit of 381326981?
3
What is the ten millions digit of 150863194?
5
What is the ten millions digit of 4735198680?
3
What is the ten millions digit of 532571028?
3
What is the ten thousands digit of 115951600?
5
What is the tens digit of 8903974?
7
What is the hundreds digit of 29178400?
4
What is the tens digit of 33953952?
5
What is the ten thousands digit of 192910227?
1
What is the millions digit of 668050267?
8
What is the hundred thousands digit of 26977272?
9
What is the hundreds digit of 646467664?
6
What is the units digit of 15122643?
3
What is the units digit of 602934012?
2
What is the units digit of 2110704908?
8
What is the ten millions digit of 748624402?
4
What is the hundred millions digit of 362513667?
3
What is the hundred thousands digit of 837039562?
0
What is the billions digit of 3363491570?
3
What is the millions digit of 168774799?
8
What is the hundred millions digit of 287331233?
2
What is the ten millions digit of 280237091?
8
What is the units digit of 3611802?
2
What is the units digit of 2905013043?
3
What is the ten thousands digit of 20192750?
9
What is the millions digit of 110792494?
0
What is the units digit of 89544955?
5
What is the thousands digit of 156451888?
1
What is the units digit of 888868?
8
What is the millions digit of 194475339?
4
What is the hundred thousands digit of 385761663?
7
What is the hundreds digit of 442978949?
9
What is the thousands digit of 16072545?
2
What is the millions digit of 12709366?
2
What is the tens digit of 2373237663?
6
What is the ten millions digit of 138632302?
3
What is the hundred thousands digit of 3520178292?
1
What is the units digit of 133517185?
5
What is the ten thousands digit of 33180886?
8
What is the units digit of 6410503?
3
What is the ten thousands digit of 32317457?
1
What is the units digit of 103213688?
8
What is the billions digit of 3432372613?
3
What is the thousands digit of 124447966?
7
What is the ten thousands digit of 551997916?
9
What is the thousands digit of 32971737?
1
What is the hundred millions digit of 725934103?
7
What is the thousands digit of 2020040?
0
What is the units digit of 107972038?
8
What is the tens digit of 1085276264?
6
What is the millions digit of 162746370?
2
What is the hundreds digit of 977781?
7
What is the ten thousands digit of 325771113?
7
What is the units digit of 3748604094?
4
What is the billions digit of 1667548642?
1
What is the thousands digit of 241159667?
9
What is the hundreds digit of 29745523?
5
What is the units digit of 562127360?
0
What is the hundred thousands digit of 1249774138?
7
What is the ten thousands digit of 918435218?
3
What is the millions digit of 157410934?
7
What is the ten thousands digit of 95581861?
8
What is the millions digit of 255513939?
5
What is the millions digit of 78465476?
8
What is the units digit of 3155930421?
1
What is the hundred thousands digit of 302032978?
0
What is the tens digit of 9022329?
2
What is the tens digit of 75671224?
2
What is the hundred thousands digit of 18380316?
3
What is the thousands digit of 264021?
4
What is the tens digit of 243811643?
4
What is the tens digit of 65832126?
2
What is the tens digit of 2844336368?
6
What is the ten millions digit of 2362186022?
6
What is the ten millions digit of 181372871?
8
What is the ten millions digit of 238734892?
3
What is the tens digit of 637645748?
4
What is the ten millions digit of 334280133?
3
What is the hundreds digit of 874282876?
8
What is the millions digit of 22318682?
2
What is the tens digit of 75108812?
1
What is the millions digit of 915956307?
5
What is the ten millions digit of 62013557?
6
What is the tens digit of 109417848?
4
What is the units digit of 1685271744?
4
What is the units digit of 1144290131?
1
What is the ten thousands digit of 1742974664?
7
What is the units digit of 1160443443?
3
What is the units digit of 5102603?
3
What is the ten thousands 